 divided by 9611.
189
Calculate the remainder when 494 is divided by 60.
14
What is the remainder when 372347 is divided by 85?
47
What is the remainder when 8445 is divided by 496?
13
Calculate the remainder when 204831 is divided by 883.
858
Calculate the remainder when 6311 is divided by 2102.
5
Calculate the remainder when 39508 is divided by 1875.
133
What is the remainder when 1383857 is divided by 1159?
11
What is the remainder when 8616 is divided by 2094?
240
Calculate the remainder when 12777 is divided by 192.
105
What is the remainder when 52528 is divided by 740?
728
Calculate the remainder when 2821 is divided by 241.
170
What is the remainder when 211274 is divided by 15?
14
What is the remainder when 53361 is divided by 26677?
7
Calculate the remainder when 64314 is divided by 213.
201
What is the remainder when 31372 is divided by 32?
12
Calculate the remainder when 118268 is divided by 77.
73
Calculate the remainder when 1230 is divided by 453.
324
Calculate the remainder when 5738 is divided by 668.
394
Calculate the remainder when 26058 is divided by 197.
54
Calculate the remainder when 6140 is divided by 43.
34
What is the remainder when 424504 is divided by 417?
415
What is the remainder when 11277 is divided by 2253?
12
Calculate the remainder when 17464 is divided by 71.
69
Calculate the remainder when 2369338 is divided by 20.
18
What is the remainder when 50015 is divided by 137?
10
What is the remainder when 1844 is divided by 466?
446
Calculate the remainder when 126354 is divided by 31581.
30
Calculate the remainder when 68630 is divided by 23.
21
What is the remainder when 41465 is divided by 384?
377
What is the remainder when 1231 is divided by 967?
264
What is the remainder when 12946 is divided by 994?
24
Calculate the remainder when 1464 is divided by 187.
155
What is the remainder when 10019 is divided by 57?
44
What is the remainder when 59086 is divided by 23?
22
What is the remainder when 197366 is divided by 270?
266
What is the remainder when 131786 is divided by 188?
186
What is the remainder when 72077 is divided by 149?
110
Calculate the remainder when 15413 is divided by 15395.
18
Calculate the remainder when 104675 is divided by 429.
428
Calculate the remainder when 624470 is divided by 31223.
10
What is the remainder when 7061 is divided by 873?
77
Calculate the remainder when 119797 is divided by 163.
155
Calculate the remainder when 143763 is divided by 143758.
5
Calculate the remainder when 134034 is divided by 563.
40
Calculate the remainder when 138489 is divided by 246.
237
What is the remainder when 498893 is divided by 99772?
33
Calculate the remainder when 145855 is divided by 11213.
86
Calculate the remainder when 7693 is divided by 7622.
71
Calculate the remainder when 554 is divided by 85.
44
Calculate the remainder when 14810 is divided by 1787.
514
What is the remainder when 1290 is divided by 565?
160
What is the remainder when 230120 is divided by 906?
902
What is the remainder when 17168 is divided by 239?
199
What is the remainder when 459650 is divided by 71?
67
What is the remainder when 24691 is divided by 70?
51
What is the remainder when 59929 is divided by 29963?
3
Calculate the remainder when 214449 is divided by 14.
11
Calculate the remainder when 152920 is divided by 5273.
3
Calculate the remainder when 455976 is divided by 39.
27
Calculate the remainder when 2870 is divided by 24.
14
Calculate the remainder when 25394 is divided by 2533.
64
Calculate the remainder when 110878 is divided by 110.
108
Calculate the remainder when 59395 is divided by 19795.
10
Calculate the remainder when 277648 is divided by 17352.
16
Calculate the remainder when 8341 is divided by 649.
553
What is the remainder when 28589 is divided by 27?
23
Calculate the remainder when 1784 is divided by 1663.
121
What is the remainder when 32677 is divided by 95?
92
What is the remainder when 40886 is divided by 177?
176
What is the remainder when 41207 is divided by 159?
26
Calculate the remainder when 7906 is divided by 1955.
86
What is the remainder when 6049 is divided by 26?
17
Calculate the remainder when 111398 is divided by 55690.
18
What is the remainder when 57555 is divided by 57520?
35
Calculate the remainder when 7056 is divided by 2316.
108
What is the remainder when 4148 is divided by 462?
452
What is the remainder when 27905 is divided by 50?
5
What is the remainder when 1614 is divided by 534?
12
Calculate the remainder when 2362 is divided by 1106.
150
What is the remainder when 23669 is divided by 796?
585
Calculate the remainder when 59702 is divided by 201.
5
What is the remainder when 1841843 is divided by 934?
929
Calculate the remainder when 21015 is divided by 187.
71
What is the remainder when 56648 is divided by 4706?
176
What is the remainder when 104428 is divided by 18?
10
What is the remainder when 9044 is divided by 27?
26
Calculate the remainder when 32337 is divided by 37.
36
What is the remainder when 945529 is divided by 177?
172
Calculate the remainder when 59691 is divided by 57.
12
Calculate the remainder when 57961 is divided by 170.
161
What is the remainder when 4985 is divided by 4818?
167
What is the remainder when 3473 is divided by 32?
17
What is the remainder when 2743 is divided by 637?
195
Calculate the remainder when 65368 is divided by 74.
26
What is the remainder when 439707 is divided by 46?
39
Calculate the remainder when 546605 is divided by 136637.
57
Calculate the remainder when 915566 is divided by 15.
11
Calculate the remainder when 1348 is divided by 372.
232
What is the remainder when 20322 is divided by 183?
9
Calculate the remainder when 85462 is divided by 127.
118
Calculate the remainder when 1637 is divided by 1136.
501
What is the remainder when 31665 is divided by 12?
9
What is the remainder when 49154 is divided by 113?
112
Calculate the remainder when 4227 is divided by 17.
11
Calculate the remainder when 51216 is divided by 151.
27
What is the remainder when 586296 is divided by 173?
172
Calculate the remainder when 6125962 is divided by 214.
212
What is the remainder when 2632 is divided by 14?
0
Calculate the remainder when 56879 is divided by 964.
3
Calculate the remainder when 12559 is divided by 231.
85
Calculate the remainder when 117558 is divided by 3792.
6
What is the remainder when 47050 is divided by 23512?
26
What is the remainder when 50608 is divided by 229?
228
What is the remainder when 42913 is divided by 14301?
10
Calculate the remainder when 244879 is divided by 11.
8
Calculate the remainder when 4520 is divided by 20.
0
What is the remainder when 45465 is divided by 11297?
277
What is the remainder when 563276 is divided by 240?
236
Calculate the remainder when 6409 is divided by 708.
37
What is the remainder when 1008 is divided by 595?
413
Calculate the remainder when 41816 is divided by 3483.
20
What is the remainder when 612 is divided by 115?
37
Calculate the remainder when 721110 is divided by 632.
630
What is the remainder when 32891 is divided by 606?
167
Calculate the remainder when 8356 is divided by 2761.
73
Calculate the remainder when 6042 is divided by 112.
106
What is the remainder when 14148 is divided by 14142?
6
What is the remainder when 485548 is divided by 249?
247
Calculate the remainder when 73679 is divided by 478.
67
Calculate the remainder when 1073876 is divided by 342.
338
Calculate the remainder when 327078 is divided by 260.
258
What is the remainder when 1952 is divided by 16?
0
What is the remainder when 21742 is divided by 6?
4
What is the remainder when 41509 is divided by 118?
91
Calculate the remainder when 16009 is divided by 73.
22
What is the remainder when 974204 is divided by 156?
140
Calculate the remainder when 2989 is divided by 2986.
3
Calculate the remainder when 1495 is divided by 482.
49
What is the remainder when 5741 is divided by 71?
61
What is the remainder when 738 is divided by 468?
270
Calculate the remainder when 4979 is divided by 63.
2
What is the remainder when 3329 is divided by 221?
14
What is the remainder when 14181 is divided by 836?
805
What is the remainder when 140022 is divided by 305?
27
What is the remainder when 238714 is divided by 212?
